uppose -2*i + 24 = m, -i = 4*m - 63 - 5. What is the units digit of m?
6
Let o(i) = 3*i**2 + 4. What is the units digit of o(-5)?
9
Let f(y) = -16*y - 3. Let c(s) = -s**3 - 3*s**2 - s. Let b be c(-2). What is the units digit of f(b)?
9
Let s(q) = q**3 - 3*q**2 - 3*q + 5. Let l be s(4). Suppose 26 = 5*d - l. Let f(r) = r**3 - 7*r**2 + 2*r - 6. What is the units digit of f(d)?
8
Let p(s) be the first derivative of -s**2/2 + 8*s + 1. Let f be p(7). What is the units digit of (0 - f)*-1*4?
4
Let w = -130 + 41. Let g(v) = -v**3 - 9*v**2 - 9*v - 4. Let h be g(-8). What is the tens digit of h/14 + w/(-7)?
1
Suppose -4*u + 20 = 4*s, 1 = -u + 6*u - 3*s. What is the units digit of u?
2
Let h(l) = 11*l**2 - 2*l - 2. Let n be h(2). Suppose 2*b = -2*r + 3*r + 25, 3*b = r + n. What is the units digit of b?
3
Suppose -d - 4*f = f - 57, 3*d - 4*f = 133. What is the tens digit of d?
4
Let z(q) = 10*q**2 - 12*q - 3. What is the tens digit of z(6)?
8
Let s(i) = -i - 1. Let k be s(-3). Suppose 0*m + m - 2*r - 13 = 0, -k*r = -4*m + 22. Let n(j) = j**3 - 3*j**2 + j + 2. What is the units digit of n(m)?
5
Let m = -13 + 20. Let u = m + 0. What is the units digit of u?
7
Let o(t) = 2*t**3 + 3*t**2 + 3*t - 4. What is the tens digit of o(3)?
8
Suppose 2*o = -2*o + 116. What is the units digit of o?
9
Let z(n) = -n**2 + n - 2. Let w be z(1). Let u(j) = -20*j**2 + 2*j - 8. Let d(h) = -7*h**2 + h - 3. Let t(x) = 8*d(x) - 3*u(x). What is the units digit of t(w)?
2
Let x = -6 + 11. Suppose -x = -n + 6. What is the tens digit of n?
1
Suppose -5*c + 152 = 3*c. What is the tens digit of c?
1
Suppose 5*a = -2*o + 86, -69 - 115 = -4*o - 4*a. What is the units digit of o?
8
Let j = 13 + -9. Suppose 5*i - f - j*f - 5 = 0, i - 9 = -3*f. Suppose 15 = i*x + 3*k, -6*k + 2*k + 18 = 3*x. What is the units digit of x?
2
What is the units digit of (6 - 4)/(6/9)?
3
Suppose -6*l + 81 = -5*l. What is the tens digit of l?
8
Suppose 2*c - 105 - 21 = 0. What is the units digit of c?
3
Let n(p) = 20*p - 4. Let d be n(3). Let k be (2 - 30/9)*-6. Suppose -2*f = -k, w + 5*f - d = -3*w. What is the units digit of w?
9
What is the tens digit of (5/5)/(3/57)?
1
Suppose 3*g = 2*c - 182, 3*c = -5*g - 56 + 367. What is the units digit of c?
7
Suppose -3 + 19 = 4*d. What is the units digit of (d - -10) + -1*3?
1
Suppose r - 29 = -9. What is the units digit of r - (-6)/(-3 - -1)?
7
Suppose -2*r - 2*r + 16 = 0. Suppose g - 21 - r = 0. What is the tens digit of g?
2
Suppose 3*g - 5*g - 18 = 0. Suppose -6*q - 6 = -3*q. What is the units digit of 24/18*g/q?
6
Suppose -4*a - 11 = r - 9*a, -2*a = r - 10. Let u(h) = -h**3 + 4*h**2 + 3*h + 2. What is the units digit of u(r)?
4
Suppose -153 + 23 = -5*m. What is the tens digit of m?
2
Let c = 15 + 8. What is the units digit of c?
3
Let u = -40 + 80. What is the units digit of u?
0
Suppose -3*b + 4*r - 1 = 0, -4*r - 3 = 3*b - 34. Suppose -4*g + p + 164 = 0, -4*p = b*g - 3*p - 214. What is the tens digit of g?
4
Let g(r) = r + 2. Let v(w) = w**2 + 10*w + 1. Let u be v(-10). Let y be 3 + u/(-1) - -1. What is the units digit of g(y)?
5
What is the tens digit of (1 + (-27)/6)*-10?
3
Let h = -40 - -75. What is the units digit of h?
5
Suppose 4*c = -4*q - 0*c + 20, -5*q + 22 = 4*c. Let y = 3 + 0. Suppose s = y + q. What is the units digit of s?
5
Let t(o) = -o**2 + 8*o + 1. What is the units digit of t(7)?
8
Suppose -5*m - 93 = -13. Let v = 27 + m. What is the tens digit of v?
1
Suppose -n = -3*n + 348. What is the tens digit of n/4 + 7/(-14)?
4
Let j = 99 - 52. What is the units digit of j?
7
Suppose g - 3*y = 8, 0*g + 5*g = y - 2. What is the tens digit of (-270)/(-15) - 3/g?
2
Suppose 7*y = 207 + 143. What is the tens digit of y?
5
Suppose -13 = 2*h + 4*u - 1, 3*h = u + 17. Suppose h*d - 2*d = 14. What is the units digit of d?
7
Let j(w) = -50*w + 24. What is the hundreds digit of j(-6)?
3
Let y(p) = -3*p + 13. What is the tens digit of y(-9)?
4
Let c be (-2)/(-7) - (-136)/14. Suppose 0 = j - 3*j + c. Let o = 6 - j. What is the units digit of o?
1
Suppose 9*j - 4*j - 110 = -5*l, 4*j = -5*l + 90. What is the units digit of j?
0
Suppose 156 - 12 = 4*w. Suppose -2*o = -96 + w. Suppose 2*v = 2 + o. What is the tens digit of v?
1
Let u(v) = v**2 - 2*v + 3. What is the units digit of u(12)?
3
Let r = 2 - -2. Let k(x) = -3*x - 7. Let w be k(-3). What is the units digit of (r - w)*(-1 + 3)?
4
Let l be 7 - 0*2/6. Let u = -1 + 1. Let t = u + l. What is the units digit of t?
7
Let d(k) = -14*k. Let t be d(1). Let g = -23 - t. Let x(f) = f**2 + 6*f - 11. What is the units digit of x(g)?
6
Let n(b) = -b**3 - 18*b**2 - 3*b - 11. What is the units digit of n(-18)?
3
Let n be (-24)/(-5) - (-2)/10. Suppose 5*b - 115 = 5*c, 5*b = -n*c - 71 - 74. Let u = -14 - c. What is the tens digit of u?
1
Let w(h) = h + 2. Let r(g) = g**2 - 1. Let o be r(2). What is the units digit of w(o)?
5
Let t = -10 - -14. What is the units digit of t?
4
Let g be 10*((-21)/2)/(-7). Let j = 35 - g. What is the tens digit of j?
2
Let o(z) = z**2 - 8*z + 2. Let x be o(8). What is the units digit of 4/2*9/x?
9
Suppose 4*r - 1 - 3 = 0. Let x(z) = 6*z**3 - 2*z**2 + 1. What is the units digit of x(r)?
5
Let o be (-5 + 2)/3*-3. Suppose -2*t = -4*t - v + 9, -4*t + o = -v. Suppose 0 + 4 = t*j. What is the units digit of j?
2
What is the units digit of (-9 - -11)/((-4)/(-6))?
3
What is the units digit of (-2)/(-3) + 336/9?
8
Let f(o) = -3*o - 17 + 4*o**2 + 0*o - o**2 + 20. Let t(u) = 3*u - 1. Let c be t(1). What is the units digit of f(c)?
9
Suppose -32 = -k + 5*k. Let v(g) be the first derivative of -g**3/3 - 4*g**2 + 3*g + 21. What is the units digit of v(k)?
3
Suppose -5*d + 2*s - 3*s + 995 = 0, -5*d = -4*s - 1020. What is the hundreds digit of d?
2
Let z be (-1*3 - -2) + -5. Let l(b) = b**3 + 7*b**2 + 6*b - 6. Let y be l(z). Let a(x) = -x + 6. What is the tens digit of a(y)?
1
Let x be 6 + -4 + -2 + 3. Suppose x*j - 20 - 28 = 0. What is the tens digit of j?
1
Let r(p) = -3*p + 1. Let h(o) = -8*o**2 - o - 1. Let a be h(-1). What is the tens digit of r(a)?
2
Suppose -43 = -4*w + 53. What is the units digit of w?
4
Suppose 15*h - 8*h = 1085. What is the tens digit of h?
5
Let y be (-9)/6*(-16)/(-6). What is the tens digit of (-7 - 15)/(y/2)?
1
Let r be ((-3)/(-5))/(2/10). Suppose -4*j + 3*o = 10, -2*o + 7 = r*j + 3*o. What is the units digit of (6/(-12))/(j/38)?
9
Let o be 2/(-10) + (-30)/(-25). Let h(x) = 9*x**2 + x - 1. What is the units digit of h(o)?
9
Let f = -51 - -126. What is the tens digit of f?
7
Let o = -92 + 129. What is the units digit of -3 + 1*(o + 3)?
7
Let w(h) = h**3 + 2*h**2 - 2. Let d be w(3). Suppose -t + d = 9. What is the units digit of t?
4
Let q(w) = 2*w + 1 + 0*w - 7*w**2 + 10*w**2. Suppose t = -6 + 5. What is the units digit of q(t)?
2
Let r(u) = -u**2 + u + 1. Let c be r(2). Let v be (2/(-3))/((-9)/135). Let p = v + c. What is the units digit of p?
9
Suppose -j - 4*d = -18, 5*j = -d - 0*d + 33. Suppose -3*r - 3*v = -15, j*r + v = 4*r + 8. Suppose i = 3*i + r*g, -3*g = 3*i - 3. What is the units digit of i?
3
Suppose -176 = -5*j + 2*w + 37, -w = j - 37. What is the tens digit of j?
4
Suppose 4*v = 4*u - 120 + 496, -2*u = -6. What is the tens digit of v?
9
Let c(q) = 11 - 1 - 2 + q. Let n be c(-8). Suppose -3*b + 27 = 5*w - 0*w, n = 4*b - 2*w - 62. What is the units digit of b?
4
Let g(o) be the third derivative of -o**6/120 + o**5/12 - o**4/8 + o**3/3 + 4*o**2. What is the units digit of g(4)?
6
Suppose -2*h + l + 3 = 0, -7*h - l = -2*h - 25. Let f be (-6)/h*(-6 + 4). Suppose s + 62 = f*r, 4*r = 3*s + 2*s + 101. What is the units digit of r?
9
Let b be 2 + -3 + (-3 - -6). What is the tens digit of (-448)/(-10) - b/(-10)?
4
Suppose 0*l = -4*l + 4*g - 12, 0 = 3*l + g - 7. What is the units digit of l?
1
Let m be (1/((-1)/6))/(-1). Suppose 136 = 4*a - f, -5*a - m*f + 183 = -4*f. What is the units digit of a?
5
Suppose 5*r - 5*u - 12 = 13, -2*u + 2 = 0. Let v = r - 2. What is the units digit of v?
4
Let r(w) = -52*w**3 - w**2 + 2*w - 1. Let c be r(1). Let l = c + 32. Let i = l - -32. What is the tens digit of i?
1
Let w(s) = -s - 4*s + 4*s + s**2 + 4*s. What is the tens digit of w(-5)?
1
Let o(d) = -d**3 - 10*d**2 - 4*d - 6. Let r = -34 - -24. What is the tens digit of o(r)?
3
Let l = -373 + 637